4
Let c = 54 - 51. Let s(u) = 3*u**2 + 3*u**2 - 2 + 13*u + 8*u + u**c - 32*u. What is the units digit of s(-5)?
8
Suppose -5*u = -6*u + 1170. Suppose 3*a - u - 3121 = 4*s, 5*a - 7210 = -5*s. Suppose a + 3221 = 17*n. What is the tens digit of n?
7
Let c be (-10628)/(-12) + 3/(-27)*-3. What is the tens digit of (-6)/((-36)/c) + (-2)/3?
4
Let x = -449 + 971. Suppose 2*k - y - x = 0, -5*k + 10*k = -y + 1319. What is the units digit of k?
3
Suppose -3281466 = 3228*s - 3315*s. What is the hundreds digit of s?
7
Suppose -3*q = -q - 1050. Suppose 0 = -2*h - 4*w + 430, 2*h - 4*w = 359 + 103. Suppose -p - 1 = 0, -3*s + p + q = -h. What is the hundreds digit of s?
2
Let f = 131 - 77. Let d = f + -58. What is the hundreds digit of d - (-14)/(-4)*-38?
1
Suppose 0 = b - 4*s - 5993, -649 = -2*b - 5*s + 11272. What is the tens digit of b?
7
Let d(o) = o**3 + 9*o**2 - 12*o - 36. Let i be (-4 - 5) + 5 - 3. Let b(u) = u**3 + 8*u**2 + 11*u + 19. Let l be b(i). What is the tens digit of d(l)?
7
Suppose 1396643 + 1130049 = 82*f + 30940. What is the tens digit of f?
3
Let k(b) = b**2 - 19*b - 3 - 10*b - 16*b + 42*b. What is the units digit of k(15)?
7
Suppose -2*y + 106 = -5*f + 36, 4*f + 79 = -3*y. Let w(t) = t**2 - 8*t - 42. What is the tens digit of w(f)?
4
Suppose -207113 = -20*q + 1057327. What is the hundreds digit of q?
2
Suppose -3782*j + 3832*j - 660800 = 0. What is the tens digit of j?
1
Let s = -18719 + 34481. What is the ten thousands digit of s?
1
Let v = 77 - 79. Let d be 8/(-12)*(v - 299/2). What is the tens digit of d*(-2 + 5 + 0)/3?
0
Let z(p) be the third derivative of p**5/30 + 5*p**4/6 - 13*p**3/6 - 21*p**2 - p. Let m be z(-11). Suppose -14*a = -m*a - 420. What is the units digit of a?
4
Let a = 44300 + -25946. What is the tens digit of a?
5
Suppose -14*t + 12*t = 23*t - 191050. What is the units digit of t?
2
Let m = 5889 - 4097. Suppose 5*z - 4*j = -0*j + 2240, 4*z = 4*j + m. What is the units digit of z?
8
Let m(z) = 69*z**3 + 13*z**2 + 26*z - 201. What is the thousands digit of m(9)?
1
Let q(f) = -77*f + 67 - 99 + 67. Let m be q(6). What is the tens digit of (m/(-21))/((-2)/(-18))?
8
Suppose -131300 = -14*l + 16523 + 38643. What is the hundreds digit of l?
3
Suppose -9*f + 1958 = -20*f. Let c = f - -24. Let x = c - -265. What is the tens digit of x?
1
Suppose -5*f = -2*f - 5*g - 5, 2*g = 4*f - 16. Let w(r) = r**2 - 6*r + 5. Let b be w(f). What is the tens digit of b - ((-4)/(-1) - 39)?
3
Let l(a) = 382*a + 7894. What is the hundreds digit of l(36)?
6
Let h(j) = 2*j**2 + 17*j + 8. Let t be h(-14). Suppose 53*y = 51*y + t. What is the units digit of y?
1
What is the units digit of (12*(-1083)/(-38))/((-3)/(-100))?
0
Let y(s) = 1. Let h(t) = 4*t + 14. Let m(i) = -h(i) + 3*y(i). Let z be m(-4). Suppose 0 = z*a - 151 + 26. What is the units digit of a?
5
Suppose 0 = -o - 4, 3*b - 9 = 2*o + 2. Let m(v) = -v - 5. Let g be m(-5). What is the units digit of 47 + b + g/(-3)?
8
Let n(r) = 3*r**2 - r - 2. Let o be n(-2). Let q(j) = 84*j**3 + 4*j - 42*j**3 - o*j**2 + 7 - 40*j**3. What is the tens digit of q(8)?
9
Let v = 30 - 41. Let d be (v - -14) + (-1 - -18). Suppose -12*q = -11*q - d. What is the tens digit of q?
2
Let v(t) = t**2 - 8*t - 15. Let c be v(8). Let i = -11 - c. Suppose 5*x + 2*o = -o + 151, 0 = -2*o + i. What is the units digit of x?
9
Suppose 0 = 2*k - k + 3*y - 9886, -3*k - y = -29674. What is the tens digit of k?
9
Let g(k) = -29*k - 401. Let f be g(-9). What is the units digit of (-8036)/f - (3/(-5) - -1)?
7
Let i be 4/(-14) + 363/21. Suppose i*f + 832 = 21*f. What is the units digit of f?
8
Let w(i) = 17*i**2 - 84*i + 514. What is the units digit of w(6)?
2
Let o(q) = -q**2 - 2*q + 3. Let b be o(0). Suppose 798 = 2*w + s + 3*s, b*w = s + 1169. What is the tens digit of w?
9
Let i = -101 + 73. What is the tens digit of ((-3)/3 + i)*(-14 - -5)?
6
What is the tens digit of ((-41)/2)/((-10)/12410) - 3/2?
3
Suppose 221 = 2*y + 719. Let a = y + 773. Let m = -338 + a. What is the units digit of m?
6
Suppose -10 = -2*s - 0*n + 2*n, 0 = -5*s + n + 25. Suppose -2135 = -2*x + 5*r, 7*r - s = 6*r. What is the thousands digit of x?
1
Suppose 2*k - z - 6 = -3*k, 4 = -2*k + 2*z. Suppose 2*t - i = 121, -306 = -7*t + k*t - i. What is the tens digit of t?
6
Suppose 0 = -83*y + 393967 + 98140. What is the units digit of y?
9
Let o(p) = 4503*p**2 + 14*p - 1. What is the units digit of o(-1)?
8
Let u be ((-6)/(-15))/(((-4)/(-25))/4). Suppose -2*p = x - 13, -p - 3*x = -3*p + 1. Suppose -1 + 5 = 4*q, p*l - u = 5*q. What is the units digit of l?
3
Suppose -10063494 = -322*n - 15*n. What is the ten thousands digit of n?
2
Let i be 4/16 - (13/4 + -5). Suppose -v = i*g - 1016, 0*g - v + 509 = g. What is the units digit of g?
7
Suppose -6*d - 6269 = -4*a - d, 5*d - 3097 = -2*a. Suppose 299 + a = 5*g. What is the tens digit of g?
7
Let q = -65 + 67. Let g(i) = -11*i + 24*i + 19 + i**q - 8*i. What is the units digit of g(-8)?
3
Suppose 2*f = 94*i - 89*i + 64614, 4*f - 129172 = -4*i. What is the thousands digit of f?
2
Let l = 13010 - -15885. What is the tens digit of l?
9
Let y(t) = -2*t**3 + 57*t**2 - 82*t + 22. Let x be y(27). Let g(u) = -169*u - 46. What is the tens digit of g(x)?
9
Suppose -5*f + 34*u + 265475 = 29*u, -4*u = 4*f - 212332. What is the tens digit of f?
8
Suppose 18 = -28*u + 31*u, 4*u = 2*d - 12130. What is the hundreds digit of d?
0
Let s(u) = 5*u + 75 - 72 - 22*u**2 - 2*u. Let r be s(2). Let j = -69 - r. What is the units digit of j?
0
Suppose -2*t + 5*t + 37 = 5*a, -3*a - 5*t = -29. Suppose 2*l - 4*r = a, 3*l + 2*r = -1 - 3. Suppose u - 14 - 25 = l. What is the units digit of u?
9
What is the tens digit of (-3)/((-24)/(72/9)) - -6240?
4
Suppose j - 715 + 155 = 0. Let n(x) = x**3 - 114*x**2 - 358*x + 817. Let c be n(117). What is the units digit of j/(-4)*c/5?
6
Suppose 107 = -v + 3*l, 5*v + 591 = 2*l - l. Let g = v + 205. Suppose -2*m + 44 + g = 0. What is the units digit of m?
5
Suppose -x - 5 + 4 = 0, -2*x - 907 = 5*k. Let j = 267 + k. What is the units digit of j?
6
Suppose 2*j + 13 - 3 = 0. Let y(l) = -2*l - 4. Let f be y(j). Suppose 2*b - f*b + 80 = 0. What is the units digit of b?
0
Let b(w) = 0*w**3 + 15*w**3 - 4 - 18*w**2 - 14*w**3 + 34*w. What is the tens digit of b(18)?
0
Suppose 0*q + 4*z = -4*q + 20, -2*z = 0. Suppose -j - m = 3*j + 35, 3*j + 22 = -q*m. What is the units digit of (2996/8)/7 - j/(-6)?
2
Let u(f) = -f**3 - 3*f**2 + 152*f - 26. Let d be u(-14). Suppose 16*i = 11*i + 15, -2*i = d*z - 1906. What is the units digit of z?
0
What is the hundreds digit of (-1916145)/(-85) - 106/(-901)?
5
Suppose 6 = 5*a + 31. Suppose j - 6*j = -20. Let g = j - a. What is the units digit of g?
9
Let r(g) = -g**3 - 52*g**2 - 52*g - 52. Let w be r(-51). Let t(m) = -1159*m + 45. What is the units digit of t(w)?
4
Suppose 11*x - 10*x - 279 = -2*f, 3*x + 432 = 3*f. Suppose 2*c + f - 673 = 0. What is the tens digit of c?
6
Suppose -6*a + 2*a + 256 = -4*z, -5*z + a = 336. Let w = z - -495. What is the hundreds digit of w?
4
Suppose -19 - 21 = -4*j. Suppose 5*u - f - j - 7 = 0, -5*f + 15 = 0. Suppose 0 = -u*r + 4*d + 744, -4*r + 720 = d + d. What is the tens digit of r?
8
Let t(a) = 92*a + 249. Let g(s) = -92*s - 251. Let y(j) = 3*g(j) + 2*t(j). What is the hundreds digit of y(-10)?
6
Let q(g) = 3*g**2 - 5*g - 103. Let a(s) = -8*s - 7. Let z be a(0). What is the tens digit of q(z)?
7
Let y(p) = 7*p**2 - 6*p + 4. Let w be y(1). Suppose -3*b + 5*i = b - 2360, -3*b + 1765 = -w*i. What is the tens digit of b?
9
Suppose -4*g + 3*f - 69 = 6*f, 0 = -3*g + 2*f - 73. Let y = g + 89. Suppose -4*j + 96 = 4*k, 0 = 4*j + 2*k - 36 - y. What is the tens digit of j?
2
Let g be (-8)/28*(2 + -9). Let j be (g/(-6))/((-12)/216). Suppose 2*i - 34 = -j. What is the units digit of i?
4
Let q be 36/198 - (-53)/11. Suppose 5*p - j = 0, p + 0*p = -q*j. Suppose p = 6*w - 204 - 42. What is the tens digit of w?
4
Let j(f) be the second derivative of -103*f**5/4 + f**4/4 + f**3/2 + f**2 + 5*f + 9. What is the units digit of j(-1)?
7
Let y = 215 - 242. What is the units digit of (-16)/(-6)*(72 - y)?
4
What is the tens digit of (((-2)/(-6))/(94/141))/(1/104962)?
8
Let c = -43959 + 72129. What is the ten thousands digit of c?
2
Let w(f) = -3514*f - 7292. What is the hundreds 